actors of a?
3, 5, 43
Let c = 3937 - 2457. List the prime factors of c.
2, 5, 37
Suppose -c - 4*r + 4311 = 0, r + 8667 = 5*c - 3*c. What are the prime factors of c?
61, 71
Let h(l) = -l**3 + 6*l**2 + 3*l - 6. Let w be h(6). Let v(d) be the first derivative of d**3/3 - 6*d**2 + 8*d - 15. List the prime factors of v(w).
2
Let q(x) = x**2 - 8*x - 9. Let u(s) = -9*s - 1. Let v be u(-1). Let h be q(v). Let d = h + 12. List the prime factors of d.
3
Let j = -2906 + 5247. What are the prime factors of j?
2341
Let s be -1*(59 - 12/6). Let o = s - -145. List the prime factors of o.
2, 11
Let q(n) = 8*n**2 + 18*n - 3. Suppose 3*p = m - 2*m - 10, 4*p = -5*m - 39. List the prime factors of q(m).
263
Let r(b) = 114*b**2 + 35*b + 103. List the prime factors of r(-3).
2
Let l(a) = -604*a - 4. Let d be l(-1). Suppose 37 = 3*u - 4*i - 426, -d = -4*u + i. List the prime factors of u.
149
Let x(y) = -y**2 - 7*y - 3. Let m be x(-6). Suppose -19*p = -18*p - 4*k - 9, -7 = -3*p + 2*k. Let s = m + p. List the prime factors of s.
2
Let y(c) = -c**2 - 10*c - 6. Let q be y(-8). List the prime factors of 62/q*(9 + -4).
31
Let i be (-37)/7 + (8/(-7))/(-4). Let a(u) = 2*u**2 - 6*u - 10. What are the prime factors of a(i)?
2, 5, 7
Let w(j) = 3*j**2 + 7. Let z(a) = -4*a**2 - 8. Let f be 3 + (2 - 4) + 1. Let p(r) = f*z(r) + 3*w(r). What are the prime factors of p(-4)?
3, 7
Suppose 4*d - 32*d + 94332 = 0. What are the prime factors of d?
3, 1123
Let p(v) be the third derivative of 59*v**5/60 + v**4/24 + v**3/6 - v**2. Suppose -5*q = 5*i - 2*i - 10, i - 5 = 0. List the prime factors of p(q).
59
Let r be 47/(-5) - 9/15. Let p(n) = -9*n + 13. Let y be p(2). List the prime factors of (1 - r) + (-3 - y).
13
Let c(l) = 33*l**3 - l**2 - 18*l + 3. What are the prime factors of c(3)?
3, 277
Let p = 6222 - 4340. List the prime factors of p.
2, 941
Let j(f) be the second derivative of f**4/6 - f**3/2 + f**2/2 + 7*f. Suppose -2*x - 2*x - 12 = 0. What are the prime factors of j(x)?
2, 7
Let y(l) = l + 1. Let a(o) = -5*o + 9. Let m(x) = -a(x) - 4*y(x). Let q be m(-7). Let g = 47 + q. What are the prime factors of g?
3
Let f(l) be the third derivative of 0*l**3 + 2*l**2 + 1/6*l**5 + 0*l + 0 + 0*l**4. List the prime factors of f(-1).
2, 5
Suppose 94 = -9*f + 19570. What are the prime factors of f?
2, 541
Let u = -397 - -1343. List the prime factors of u.
2, 11, 43
Let g = -19 - -22. Suppose 2*f - g*x = 159, 0 = -f + 3*x + 68 + 16. What are the prime factors of 33/5 - (-30)/f?
7
Suppose -4*y - h + 443 = 0, -y - 6*h + 3*h = -97. Suppose -y = -0*i + 4*i. Let q = -9 - i. List the prime factors of q.
19
Let w = -3 - -7. Suppose 2*a + 5 = 3. Let c = w - a. List the prime factors of c.
5
Let o(g) = -319*g**3 + 5*g + 6. What are the prime factors of o(-1)?
2, 5
Let s(u) = 6*u**2 - 7*u + 5. Let j be s(6). Let x = j + -80. List the prime factors of x.
3, 11
Suppose -21*k - 8782 + 22537 = 0. List the prime factors of k.
5, 131
Suppose 2*h = h + 4*j - 5, 2*j = -5*h + 19. Let o be 3 - (-2 + h - 3). Suppose -7*l = -o*l + 5*s - 49, -2*s = 3*l - 46. List the prime factors of l.
2, 3
Let l = 578 - -440. What are the prime factors of l?
2, 509
Let y = -1857 - -3478. What are the prime factors of y?
1621
What are the prime factors of (-1)/((-5)/10) + 11 + 3280?
37, 89
Let s = 3 - 9. Let j = s + 6. List the prime factors of 23 + j*4/12.
23
Let t be (2 - 13)*(3 + -4). Suppose 5*d + t = 1. Let h(a) = -9*a + 3. What are the prime factors of h(d)?
3, 7
Let q = 6 + -21. Let p = -1 - q. Let c = 25 - p. List the prime factors of c.
11
Let q = 6 + -7. Let n be 29*q*(-3 - 2). Suppose -s + n = 4*s. List the prime factors of s.
29
List the prime factors of (-3)/(-30) - (-23190)/100.
2, 29
Let s be 4/(-6) + 622/6. Let g = 63 + s. List the prime factors of g.
2, 83
Suppose -p + 1192 = 3*o, p - 2*o = -2*p + 3587. Suppose 127*l - 122*l = p. What are the prime factors of l?
239
Let f be ((-21)/(-2))/((-2)/4). Suppose -4*j = -7*j - 135. Let w = f - j. List the prime factors of w.
2, 3
Let u(v) = 63*v**2 - 3*v - 7. List the prime factors of u(-6).
43, 53
Let d be (15/(-20))/(1/4). Let w(t) = -3*t**2 - t. Let o be w(-2). Let p = d - o. List the prime factors of p.
7
Let u(w) = 7*w + 5. Let j be u(-7). Let n = -37 - j. Suppose 4*r - n*r = -33. List the prime factors of r.
11
Let a(v) = 9*v - 4. Let m be a(-11). Let d = -60 - m. What are the prime factors of d?
43
Suppose -1602 = -5*n - n. What are the prime factors of n?
3, 89
Suppose 4*c + 8 = -120. Let s be (-13)/(-4) + 8/c. Suppose 0*a - 81 = -3*a + y, -5*y = s*a - 99. What are the prime factors of a?
2, 7
Suppose -214*u = -207*u - 3549. List the prime factors of u.
3, 13
Suppose 0 = 2*b - 3*l - 13, -3*l + 12 = -0*b + 3*b. Suppose -b*s = -22 + 62. List the prime factors of (3 + s)/((-5)/2).
2
Let s = -184 + 200. What are the prime factors of s?
2
Let i(t) = 7*t**2 - 45*t - 19. List the prime factors of i(10).
3, 7, 11
Let t(w) = -w**2 + 18*w + 11. Let y(o) = -4*o + 2. Let q be y(-3). List the prime factors of t(q).
67
Let a(h) = -2*h + 20*h**2 + 2 + 1 - 4. What are the prime factors of a(2)?
3, 5
Let f(m) = -39*m - 4. Let g be f(-1). List the prime factors of 9/(-3) - (3 - g).
29
Let s(q) = 78*q**3 - 6*q**2 + 15*q - 5. List the prime factors of s(2).
5
Suppose 5*r - 38 = -a, 5*a + r - 79 - 159 = 0. What are the prime factors of a?
2, 3
Suppose -3*v + 55 = 2*v. Suppose -4*m = -3*h + 38, 2*h - 3*m + v = 38. List the prime factors of h.
2, 3
Let o(k) = k**3 + 31*k**2 + 28*k - 62. Let l be o(-29). Suppose -3*d - 232 + l = 0. What are the prime factors of d?
2, 3
Suppose -4*c - 2 = -5*g - 36, 3*c - g - 31 = 0. Let s = -10 + c. What are the prime factors of (s - -1) + 17 + -3?
2
Suppose -2*f = c + 8, -5 = f + c + 1. What are the prime factors of ((-2)/f + 108)*(-8)/(-4)?
2, 109
Suppose 84 = -3*o - l, o + 2*l - 3*l + 32 = 0. Let d = o - -34. Suppose -d*h + 89 = 2*w, -w + 5*w + 2*h = 186. What are the prime factors of w?
47
Suppose 5*y + 344 = 3*a, -y + 5*y = a - 117. What are the prime factors of a?
113
Let d(f) = f**3 - 2*f**2 + 9*f - 2. Let m be d(5). Let b = -67 + m. What are the prime factors of b?
3, 17
Suppose -3*c + 7*c = 76. Let f(i) = -i**2 + 9*i + 15. Let z be f(10). Suppose 2*g - 4*k = g - 17, -c = 2*g - z*k. List the prime factors of g.
3
Let u be (-6)/(-39) - (2 + (-72)/39). Suppose -2*s = 5*l - 423, u = s + 2*s - 3*l - 603. What are the prime factors of s?
2, 3, 17
Let q(c) = 2*c**3 - 12*c**2 - 16*c + 24. Suppose -30 = -2*k + 2*f, -k + 26 = k - f. Let a be q(k). What are the prime factors of a/34 + (-12)/102?
31
Suppose -109 - 98 = -3*m. Let t = m + 27. What are the prime factors of t?
2, 3
Let a = 7 + -10. Let w(u) = u**2 + 3*u + 5. Let f(z) = 3*z**2 + 9*z + 14. Let d(t) = 3*f(t) - 8*w(t). List the prime factors of d(a).
2
Let g(f) = 16*f - 7. Suppose 9*t - 49 = -13. What are the prime factors of g(t)?
3, 19
Let p = -35 + 53. Let j = 23 - p. Suppose 0 = j*c - 287 + 77. List the prime factors of c.
2, 3, 7
Let n = 5825 - 3688. List the prime factors of n.
2137
Let o(g) = -g**3 + 2*g**2 + 381*g + 14. What are the prime factors of o(19)?
2, 3, 31
Suppose 5*m - 5 = 0, 3*z = 4*m + 1626 + 1118. List the prime factors of z.
2, 229
Suppose 2*x = h + 1441, 140 + 3466 = 5*x + h. List the prime factors of x.
7, 103
Suppose 2*x - 16 = -3*r, -5*x - 5*r = -3*r - 18. Suppose x*b = -13 + 1. Let v(d) = -d**3 - 5*d**2 + 4*d - 6. List the prime factors of v(b).
2, 3
Let m be (0 - 1 - -2)*1. Suppose 0 = 3*q - m - 8. What are the prime factors of ((-15)/6 - q)*-2?
11
Suppose -2*i = -2*k + 260, 2*i + 264 = 2*k - i. Let j = k - 65. List the prime factors of j.
61
Let h(f) = -f**3 + 5*f**2 - f - 4. Suppose 5*o - 4*o - 5 = 0. Let u be h(o). What are the prime factors of 103/5 - u/(-15)?
2, 5
Let g = 1965 - 1006. What are the prime factors of g?
7, 137
Let w = -23 - -38. Suppose -i + w = -5*o - 0, 4*i - 102 = -o. List the prime factors of i.
5
Let h(j) = -4*j**3 - 3*j**2 - j. Suppose 0 = 2*t + 10, 7*t - 3*t + 16 = u. Let v be h(u). List the prime factors of 2/(-7) - v/(-7).
2, 3, 5
Let h(c) = 4*c**3 - 9*c**2 + 7*c + 6. Let v(t) = 3*t**3 - 8*t**2 + 6*t + 6. Let z(g) = 4*h(g) - 5*v(g). List the prime factors of z(3).
3, 17
Let t(l) = l**3 + 14*l**2 + 4*l - 19. Let c = -43 + 30. List the prime 